mine l(-17).
8
Let a(j) = -2*j + 12. Give a(7).
-2
Let f(g) = g**3 + 12*g**2 - g - 17. Determine f(-12).
-5
Let i(f) = -f**3 - 11*f**2 + 8*f - 13. Calculate i(-12).
35
Let t(y) = -y**2 - 4*y + 169. Give t(11).
4
Let v(z) = 35*z + 3. Determine v(1).
38
Let j(g) = 10*g. Give j(-1).
-10
Let p(g) = -g**3 + 9*g**2 + 11*g - 6. Give p(10).
4
Let w(t) = -13*t - 7. Determine w(-1).
6
Let o(h) = -h**2 - 85*h - 243. Give o(-3).
3
Let c(t) = t**3 + 4*t**2 + 3*t + 12. Give c(-4).
0
Let i(n) = n**3 + 9*n**2 - 10*n + 20. What is i(-10)?
20
Let i(l) = 42*l**2 + 18*l + 1. Calculate i(-1).
25
Let w(s) = -s**3 + 3*s**2 + 13*s + 20. Determine w(6).
-10
Let s(u) = -u**3 - 8*u**2 + 19*u + 21. Give s(-9).
-69
Let o(z) = -z**2 - 36*z - 206. Give o(-29).
-3
Let y(p) = -p**2 + 2*p + 30. What is y(-3)?
15
Let p(u) = -4*u - 3. What is p(-4)?
13
Let j(l) = -l**3 - 10*l**2 + 10*l - 8. Determine j(-11).
3
Let b(s) = s**2 - 75*s - 413. Give b(80).
-13
Let q(z) = -z**2 + 2*z - 3. Calculate q(2).
-3
Let c(l) = 17*l + 25. Give c(5).
110
Let u(g) = -8*g - 158. What is u(-22)?
18
Let x(c) = 3*c + 8. What is x(4)?
20
Let w(z) = 121*z + 5. What is w(1)?
126
Let x(w) = -15*w - 26. What is x(-2)?
4
Let a(v) = 2*v**3 - v. Calculate a(-2).
-14
Let k(j) = -j**2 - 10*j + 12. What is k(-10)?
12
Let g(y) = y + 8. What is g(11)?
19
Let q(a) = 13*a**2 - 29*a + 13. What is q(3)?
43
Let x(u) = -5*u + 4. Give x(-6).
34
Let a(u) = -2*u**2 - 14*u + 12. Determine a(-8).
-4
Let x(g) = 8*g**3 - 4*g - 3. What is x(-1)?
-7
Let f(a) = -a**2 - 10*a - 14. Calculate f(-8).
2
Let c(f) = f**2 - 12*f + 20. Calculate c(9).
-7
Let z(y) = y**2 + 16*y - 7. Give z(-16).
-7
Let k(t) = t**2 + 9*t + 13. Give k(-8).
5
Let h(f) = -4*f**2 - 2*f + 23. Determine h(-3).
-7
Let y(f) = f**3 + 4*f**2 - 5*f + 3. Give y(-6).
-39
Let k(d) = 3*d - 13. Determine k(7).
8
Let a(w) = -16*w + 17. Calculate a(5).
-63
Let q(s) = 3*s - 26. Determine q(5).
-11
Let a(w) = 23*w**3 - 4*w**2 - 2*w + 1. Calculate a(-1).
-24
Let z(x) = 3*x**2 - 7*x + 6. Give z(5).
46
Let a(l) = l**3 - 13*l**2 + 10*l + 10. Give a(12).
-14
Let b(l) = -l**3 - 8*l**2 - 6*l + 5. Determine b(-7).
-2
Let v(d) = -3*d**2 - 6*d - 4. Give v(-3).
-13
Let a(b) = b**3 + 6*b**2 - b + 8. Calculate a(-7).
-34
Let i(q) = -62*q - 307. Calculate i(-5).
3
Let m(u) = -u**3 - 3*u**2 + 24*u + 12. Determine m(-6).
-24
Let p(y) = y**2 - 10*y + 5. What is p(5)?
-20
Let p(r) = 3*r**3 - 3*r**2 + 2*r. Give p(2).
16
Let u(j) = -j**3 - 11*j**2 + 12*j. What is u(-12)?
0
Let k(i) = 13*i + 11. Determine k(3).
50
Let f(t) = -9*t - 35. Determine f(-4).
1
Let l(v) = v**3 + 6*v**2 - 2*v - 13. What is l(-6)?
-1
Let j(a) = -5*a + 16. Calculate j(4).
-4
Let h(m) = m**2 - 28*m + 21. What is h(27)?
-6
Let n(u) = 9*u + 15. What is n(5)?
60
Let k(j) = 4*j**3 - 3*j**2 - j + 3. Give k(2).
21
Let s(a) = 60*a - 536. What is s(9)?
4
Let o(s) = 2*s**2 + 3*s - 3. What is o(-4)?
17
Let l(v) = -v**2 + 15*v - 31. Calculate l(12).
5
Let q(z) = -z - 4. Give q(-6).
2
Let c(y) = -3*y**3 + 2*y**2 - 2*y + 1. Give c(1).
-2
Let z(u) = 2*u - 23. Calculate z(-7).
-37
Let b(j) = 2*j - 18. Determine b(9).
0
Let g(y) = 5*y - 134. What is g(20)?
-34
Let i(v) = 2*v**3 + v**2 - 3*v - 1. Determine i(-2).
-7
Let y(f) = 2*f + 10. What is y(-18)?
-26
Let b(x) = x**2 + 4*x - 56. What is b(6)?
4
Let f(g) = 3*g - 16. Calculate f(12).
20
Let c(q) = -4*q + 1. Calculate c(4).
-15
Let b(q) = q**3 - 38*q**2 + 35*q + 69. Give b(37).
-5
Let f(x) = 3*x - 40. What is f(15)?
5
Let s(o) = 4*o**2 + 15*o + 1. Determine s(-7).
92
Let q(b) = -b**2 - 2*b + 7. Give q(-9).
-56
Let x(u) = u**2 - 10*u - 10. Calculate x(10).
-10
Let q(w) = w**3 + 33*w**2 - 69*w + 42. What is q(-35)?
7
Let n(f) = f**3 - 21*f**2 + 34*f + 58. Determine n(19).
-18
Let z(h) = -2*h**2 + 13. What is z(-3)?
-5
Let t(v) = -5*v - 17. Determine t(-4).
3
Let w(j) = -9*j + 52. What is w(7)?
-11
Let l(k) = k + 1. Calculate l(-1).
0
Let w(m) = 4*m + 41. What is w(-12)?
-7
Let d(l) = l**3 - 10*l**2 - 14*l + 26. Give d(11).
-7
Let r(w) = -24*w + 38. Calculate r(2).
-10
Let b(m) = 13*m**3 + 1. Determine b(-1).
-12
Let v(w) = 6*w + 23. Determine v(-9).
-31
Let v(c) = 3*c - 49. Calculate v(12).
-13
Let o(y) = -y**2 - 3*y - 4. Give o(4).
-32
Let a(t) = t**3 - 39*t**2 + 20. Calculate a(39).
20
Let q(k) = -2*k + 8. What is q(7)?
-6
Let n(a) = 2*a + 6. What is n(0)?
6
Let z(q) = q**2 - 3. Calculate z(-3).
6
Let h(s) = s**3 - 15*s**2 + 8*s + 85. What is h(14)?
1
Let a(d) = d**3 - 5*d**2 - 6*d + 4. Give a(6).
4
Let w(c) = -c**2 + 28*c - 3. Calculate w(26).
49
Let m(b) = 21*b**2 - 15*b - 27. Determine m(-2).
87
Let b(f) = f**3 - 31*f**2 - 66*f + 3. Give b(33).
3
Let s(z) = -z - 6. What is s(-3)?
-3
Let c(g) = -5*g**2 + 4*g - 3. What is c(2)?
-15
Let o(r) = -2*r**2 - 2*r + 4. Give o(-3).
-8
Let k(f) = -f**3 + 16*f**2 + f - 37. Give k(16).
-21
Let z(l) = 3*l**2 + 17*l + 15. Give z(-7).
43
Let y(t) = 2*t**3 - 17*t**2 + 2*t + 23. Calculate y(8).
-25
Let f(y) = -y**2 - 12*y - 18. Determine f(-7).
17
Let a(p) = p**3 + 5*p**2 - 23*p + 9. What is a(3)?
12
Let h(g) = -6*g**3 + 2*g + 2. Calculate h(-1).
6
Let x(m) = 5*m**2 - 6*m - 5. Determine x(-1).
6
Let o(m) = m**2 + 6*m + 5. Determine o(-7).
12
Let d(c) = c**2 + 5*c + 3. Give d(6).
69
Let u(y) = 10*y + 10. Give u(0).
10
Let g(p) = 2*p**2 + 11*p + 5. Give g(-7).
26
Let p(h) = -9*h + 131. Calculate p(15).
-4
Let g(x) = -x**2 - 8*x - 2. Calculate g(-5).
13
Let p(j) = -j**2 + 4*j + 2. Give p(5).
-3
Let j(i) = -2*i + 3. Determine j(10).
-17
Let u(j) = -2*j**2 - 37*j - 57. Calculate u(-17).
-6
Let j(n) = -13*n - 1. Calculate j(1).
-14
Let z(d) = 5*d + 7. What is z(-3)?
-8
Let m(c) = c - 2. Determine m(2).
0
Let j(n) = -2*n**2 + 6*n + 6. What is j(-4)?
-50
Let h(d) = -d**2 - 29*d - 80. Calculate h(-21).
88
Let m(i) = i**3 - 6*i**2 - 5*i - 10. Calculate m(7).
4
Let j(w) = 2*w + 11. What is j(6)?
23
Let l(x) = -x**2 + 9*x - 10. Give l(7).
4
Let v(s) = s**2 + 10*s. Give v(-10).
0
Let o(w) = 36*w + 110. Give o(-3).
2
Let w(r) = -3*r**2 + 11*r - 6. Calculate w(4).
-10
Let u(b) = -b**2 + 22*b + 1104. Determine u(-24).
0
Let s(q) = -13*q**2 + 3*q + 2. Give s(-1).
-14
Let v(o) = 9*o**2 + 14*o + 20. What is v(-3)?
59
Let s(v) = -4*v + 91. Determine s(14).
35
Let c(a) = 3*a**3 + 180*a**2 - 2*a - 117. Calculate c(-60).
3
Let r(f) = -6*f - 1. Give r(-6).
35
Let v(y) = -2*y**2 + 18*y - 4. Determine v(7).
24
Let n(w) = -w**3 + 6*w**2 - w - 7. Determine n(2).
7
Let l(m) = -m - 2. Determine l(10).
-12
Let b(d) = -142*d - 282. Calculate b(-2).
2
Let f(n) = n**3 + 5*n**2 - 6*n + 4. Calculate f(-6).
4
Let a(u) = u**2 + 10*u - 1. Give a(-5).
-26
Let o(r) = -r**3 - 8*r**2 + 3*r + 6. What is o(-9)?
60
Let y(c) = -c + 5. Determine y(-2).
7
Let f(a) = -a**2 - 27*a. Determine f(-26).
26
Let w(d) = d + 10. Determine w(0).
10
Let y(s) = -s**3 + 14*s**2 - 14*s + 16. What is y(13)?
3
Let t(i) = 5*i**2 + 22*i - 4. Give t(-4).
-12
Let q(p) = -4*p**2 - 7*p + 10. Determine q(5).
-125
Let v(a) = a**2 + 3*a + 10. Calculate v(-6).
28
Let q(r) = r**3 + 7*r**2 - 3*r - 5. Give q(-8).
-45
Let j(i) = 4*i + 108. What is j(-27)?
0
Let q(n) = -n**2 + 9*n + 4. Calculate q(11).
-18
Let j(x) = x - 3. Calculate j(-8).
-11
Let o(q) = -q**3 - 2*q**2 + 24*q - 11. Determine o(-6).
-11
Let x(w) = 4*w - 81. Determine x(24).
15
Let b(h) = -15*h - 72. What is b(-5)?
3
Let u(s) = 2*s**2 - s + 17. Determine u(4).
45
Let n(j) = -j**2 - 3*j - 1. Give n(5).
-41
Let z(c) = 2*c + 15. What is z(8)?
31
Let r(o) = -o**3 + 55*o**2 - 201*o - 152. Give r(51).
1
Let b(u) = 2*u**3 - 5*u**2 + 3*u - 4. What is b(4)?
56
Let s(k) = -k + 5. Determine s(2).
3
Let n(c) = -c + 1. Calculate n(2).
-1
Let s(x) = -3*x**3 + 6*x**2 - 4*x + 16. Calculate s(3).
-23
Let u(v) = -26*v**2 + v + 1. What is u(-1)?
-26
Let b(k) = -k**2 - 11*k + 1. Calculate b(-12).
-11
Let o(f) = 2*f**3 - 15*f**2 - 13*f + 3. Calculate o(8).
-37
Let k(a) = -a**3 - 21*a**2 + 21*a - 27. Give k(-22).
-5
Let l(x) = -x**3 - 7*x**2 + 19*x + 11. What is l(-9)?
2
Let k(f) = f**3 + 7*f**2 - 2*f - 6. Determine k(-7).
8
Let f(p) = 2*p + 4. Give f(1).
6
Let o(v) = -v**2 - 70*v + 456. Give o(-76).
0
Let o(m) = -m**3 - 15*m**2 + 25*m + 4. Give o(-17).
157
Let r(v) = 2*v**3 + v**2 - 2*v - 2. Give r(-2).
-10
Let t(r) = r**2 + 12*r + 32. What is t(-8)?
0
Let d(i) = 2*i**2 + i + 2. Dete